 {"id":22,"date":"2022-12-07T03:59:15","date_gmt":"2022-12-07T02:59:15","guid":{"rendered":"http:\/\/localhost\/learning\/?page_id=22"},"modified":"2023-07-25T23:23:48","modified_gmt":"2023-07-25T21:23:48","slug":"home","status":"publish","type":"page","link":"https:\/\/www.akonic.sk\/","title":{"rendered":"Domov"},"content":{"rendered":"\t\t<div data-elementor-type=\"wp-page\" data-elementor-id=\"22\" class=\"elementor elementor-22\">\n\t\t\t\t\t\t<section class=\"elementor-section elementor-top-section elementor-element elementor-element-511950b7 elementor-section-boxed elementor-section-height-default elementor-section-height-default\" data-id=\"511950b7\" data-element_type=\"section\">\n\t\t\t\t\t\t<div class=\"elementor-container elementor-column-gap-default\">\n\t\t\t\t\t<div class=\"elementor-column elementor-col-100 elementor-top-column elementor-element elementor-element-506d09af\" data-id=\"506d09af\" data-element_type=\"column\">\n\t\t\t<div class=\"elementor-widget-wrap elementor-element-populated\">\n\t\t\t\t\t\t<div class=\"elementor-element elementor-element-42d825cc elementor-widget elementor-widget-text-editor\" data-id=\"42d825cc\" data-element_type=\"widget\" data-widget_type=\"text-editor.default\">\n\t\t\t\t<div class=\"elementor-widget-container\">\n\t\t\t<style>\/*! elementor - v3.23.0 - 23-07-2024 *\/\n.elementor-widget-text-editor.elementor-drop-cap-view-stacked .elementor-drop-cap{background-color:#69727d;color:#fff}.elementor-widget-text-editor.elementor-drop-cap-view-framed .elementor-drop-cap{color:#69727d;border:3px solid;background-color:transparent}.elementor-widget-text-editor:not(.elementor-drop-cap-view-default) .elementor-drop-cap{margin-top:8px}.elementor-widget-text-editor:not(.elementor-drop-cap-view-default) .elementor-drop-cap-letter{width:1em;height:1em}.elementor-widget-text-editor .elementor-drop-cap{float:left;text-align:center;line-height:1;font-size:50px}.elementor-widget-text-editor .elementor-drop-cap-letter{display:inline-block}<\/style>\t\t\t\t<!-- wp:shortcode -->\n\r\n    \r\n\r\n    <div class=\"content_main_middle  \">\r\n        \r\n\r\n\r\n        \r\n                <div class=\"content_main_left_wrapper\">\r\n            <div class=\"content_main_left_wrapper_top\">\r\n                <small\r\n                class=\"tagline\">Rob\u00edme v\u0161etko <\/small>\r\n                <h1>ako ni\u010d..<\/h1>\r\n                <p>Ahoj. My sme ako ni\u010d. Mal\u00e1 komunita, ktor\u00e1 miluje robi\u0165 veci &quot;ako ni\u010d&quot;. Tak\u017ee \u017eiadna drama queen. Chce\u0161 na\u0161e tri\u010dko? Bude n\u00e1m c\u0165ou. Nechce\u0161? Aj tak si ho k\u00fap, iste niekoho pote\u0161\u00ed\u0161. Minim\u00e1lne n\u00e1s. Ch\u00e1pe\u0161, len tak&#8230;  Zatia\u013e m\u00e1me funk\u010dn\u00e9 tri\u010dk\u00e1 na \u0161portovanie &#8211; tak\u017ee ke\u010f k\u00fapi\u0161 tri\u010dko, u\u017e mus\u00ed\u0161 za\u010da\u0165 maka\u0165. Ako sa rozrast\u00e1 na\u0161a komunita, tak pribudn\u00fa aj nov\u00e9 produkty a dizajny. Sleduj n\u00e1\u0161 Instagram, ka\u017ed\u00e1 kolekcia bude limitovan\u00e1, tak nech ti to neujde. A potom n\u00e1s ur\u010dite ozna\u010d na Instragrame, nech sme ch\u00e1pe\u0161, kamkovia. @akonic.shop            <\/div>\r\n\r\n            <div class=\"content_main_left_wrapper_bottom\">\r\n                            <\/div>\r\n\r\n        <\/div>\r\n    <\/div>\r\n    <div class=\"content_main_right\">\r\n        <div class=\"content_main_right_wrapper h-100\">\r\n            <div class=\"h_sidebar_slider h-100\">\r\n                                <\/div>\r\n                        <\/div>\r\n    <\/div>\r\n\r\n    \n<p>\u00a0<\/p>\n<!-- \/wp:shortcode -->\t\t\t\t\t\t<\/div>\n\t\t\t\t<\/div>\n\t\t\t\t\t<\/div>\n\t\t<\/div>\n\t\t\t\t\t<\/div>\n\t\t<\/section>\n\t\t\t\t<\/div>\n\t\t","protected":false},"excerpt":{"rendered":"","protected":false},"author":1,"featured_media":0,"parent":0,"menu_order":0,"comment_status":"closed","ping_status":"closed","template":"","meta":{"_monsterinsights_skip_tracking":false,"_monsterinsights_sitenote_active":false,"_monsterinsights_sitenote_note":"","_monsterinsights_sitenote_category":0,"footnotes":""},"class_list":["post-22","page","type-page","status-publish","hentry"],"yoast_head":"<!-- This site is optimized with the Yoast SEO plugin v23.1 - https:\/\/yoast.com\/wordpress\/plugins\/seo\/ -->\n<title>Domov - akoni\u010d.shop<\/title>\n<meta name=\"robots\" content=\"index, follow, max-snippet:-1, max-image-preview:large, max-video-preview:-1\" \/>\n<link rel=\"canonical\" href=\"https:\/\/www.akonic.sk\/\" \/>\n<meta property=\"og:locale\" content=\"sk_SK\" \/>\n<meta property=\"og:type\" content=\"article\" \/>\n<meta property=\"og:title\" content=\"Domov - akoni\u010d.shop\" \/>\n<meta property=\"og:url\" content=\"https:\/\/www.akonic.sk\/\" \/>\n<meta property=\"og:site_name\" content=\"akoni\u010d.shop\" \/>\n<meta property=\"article:modified_time\" content=\"2023-07-25T21:23:48+00:00\" \/>\n<meta name=\"twitter:card\" content=\"summary_large_image\" \/>\n<meta name=\"twitter:label1\" content=\"Predpokladan\u00fd \u010das \u010d\u00edtania\" \/>\n\t<meta name=\"twitter:data1\" content=\"2 min\u00faty\" \/>\n<script type=\"application\/ld+json\" class=\"yoast-schema-graph\">{\"@context\":\"https:\/\/schema.org\",\"@graph\":[{\"@type\":\"WebPage\",\"@id\":\"https:\/\/www.akonic.sk\/\",\"url\":\"https:\/\/www.akonic.sk\/\",\"name\":\"Domov - akoni\u010d.shop\",\"isPartOf\":{\"@id\":\"https:\/\/www.akonic.sk\/#website\"},\"datePublished\":\"2022-12-07T02:59:15+00:00\",\"dateModified\":\"2023-07-25T21:23:48+00:00\",\"breadcrumb\":{\"@id\":\"https:\/\/www.akonic.sk\/#breadcrumb\"},\"inLanguage\":\"sk-SK\",\"potentialAction\":[{\"@type\":\"ReadAction\",\"target\":[\"https:\/\/www.akonic.sk\/\"]}]},{\"@type\":\"BreadcrumbList\",\"@id\":\"https:\/\/www.akonic.sk\/#breadcrumb\",\"itemListElement\":[{\"@type\":\"ListItem\",\"position\":1,\"name\":\"Home\",\"item\":\"https:\/\/www.akonic.sk\/\"},{\"@type\":\"ListItem\",\"position\":2,\"name\":\"Domov\"}]},{\"@type\":\"WebSite\",\"@id\":\"https:\/\/www.akonic.sk\/#website\",\"url\":\"https:\/\/www.akonic.sk\/\",\"name\":\"akoni\u010d.shop\",\"description\":\"Ako ni\u010d..\",\"potentialAction\":[{\"@type\":\"SearchAction\",\"target\":{\"@type\":\"EntryPoint\",\"urlTemplate\":\"https:\/\/www.akonic.sk\/?s={search_term_string}\"},\"query-input\":\"required name=search_term_string\"}],\"inLanguage\":\"sk-SK\"}]}<\/script>\n<!-- \/ Yoast SEO plugin. -->","yoast_head_json":{"title":"Domov - akoni\u010d.shop","robots":{"index":"index","follow":"follow","max-snippet":"max-snippet:-1","max-image-preview":"max-image-preview:large","max-video-preview":"max-video-preview:-1"},"canonical":"https:\/\/www.akonic.sk\/","og_locale":"sk_SK","og_type":"article","og_title":"Domov - akoni\u010d.shop","og_url":"https:\/\/www.akonic.sk\/","og_site_name":"akoni\u010d.shop","article_modified_time":"2023-07-25T21:23:48+00:00","twitter_card":"summary_large_image","twitter_misc":{"Predpokladan\u00fd \u010das \u010d\u00edtania":"2 min\u00faty"},"schema":{"@context":"https:\/\/schema.org","@graph":[{"@type":"WebPage","@id":"https:\/\/www.akonic.sk\/","url":"https:\/\/www.akonic.sk\/","name":"Domov - akoni\u010d.shop","isPartOf":{"@id":"https:\/\/www.akonic.sk\/#website"},"datePublished":"2022-12-07T02:59:15+00:00","dateModified":"2023-07-25T21:23:48+00:00","breadcrumb":{"@id":"https:\/\/www.akonic.sk\/#breadcrumb"},"inLanguage":"sk-SK","potentialAction":[{"@type":"ReadAction","target":["https:\/\/www.akonic.sk\/"]}]},{"@type":"BreadcrumbList","@id":"https:\/\/www.akonic.sk\/#breadcrumb","itemListElement":[{"@type":"ListItem","position":1,"name":"Home","item":"https:\/\/www.akonic.sk\/"},{"@type":"ListItem","position":2,"name":"Domov"}]},{"@type":"WebSite","@id":"https:\/\/www.akonic.sk\/#website","url":"https:\/\/www.akonic.sk\/","name":"akoni\u010d.shop","description":"Ako ni\u010d..","potentialAction":[{"@type":"SearchAction","target":{"@type":"EntryPoint","urlTemplate":"https:\/\/www.akonic.sk\/?s={search_term_string}"},"query-input":"required name=search_term_string"}],"inLanguage":"sk-SK"}]}},"_links":{"self":[{"href":"https:\/\/www.akonic.sk\/index.php?rest_route=\/wp\/v2\/pages\/22"}],"collection":[{"href":"https:\/\/www.akonic.sk\/index.php?rest_route=\/wp\/v2\/pages"}],"about":[{"href":"https:\/\/www.akonic.sk\/index.php?rest_route=\/wp\/v2\/types\/page"}],"author":[{"embeddable":true,"href":"https:\/\/www.akonic.sk\/index.php?rest_route=\/wp\/v2\/users\/1"}],"replies":[{"embeddable":true,"href":"https:\/\/www.akonic.sk\/index.php?rest_route=%2Fwp%2Fv2%2Fcomments&post=22"}],"version-history":[{"count":7,"href":"https:\/\/www.akonic.sk\/index.php?rest_route=\/wp\/v2\/pages\/22\/revisions"}],"predecessor-version":[{"id":345,"href":"https:\/\/www.akonic.sk\/index.php?rest_route=\/wp\/v2\/pages\/22\/revisions\/345"}],"wp:attachment":[{"href":"https:\/\/www.akonic.sk\/index.php?rest_route=%2Fwp%2Fv2%2Fmedia&parent=22"}],"curies":[{"name":"wp","href":"https:\/\/api.w.org\/{rel}","templated":true}]}}